{"id":1779,"date":"2025-07-27T22:10:18","date_gmt":"2025-07-27T22:10:18","guid":{"rendered":"https:\/\/mejorescolegiosca.vip\/inicio\/?post_type=guatemala&#038;p=1779"},"modified":"2025-08-01T02:51:18","modified_gmt":"2025-08-01T02:51:18","slug":"colegio-el-arca","status":"publish","type":"guatemala","link":"https:\/\/mejorescolegiosca.vip\/inicio\/index.php\/guatemala\/colegio-el-arca\/","title":{"rendered":"Colegio El Arca"},"content":{"rendered":"\n<p>\u00bfTus m\u00fasculos tienen tu edad\u2026 o m\u00e1s<\/p>\n\n\n\n<p>a\u00f1os? Haz el test aqu\u00ed y empieza a<\/p>\n\n\n\n<p><a><\/a>fortalecerlos en solo 8 semanas con<\/p>\n\n\n\n<p>Ensure\u00ae Advance.<\/p>\n","protected":false},"excerpt":{"rendered":"<p>\u00bfTus m\u00fasculos tienen tu edad\u2026 o m\u00e1s<br \/>\na\u00f1os? Haz el test aqu\u00ed y empieza a<br \/>\nfortalecerlos en solo 8 semanas con<br \/>\nEnsure\u00ae Advance.<\/p>\n","protected":false},"featured_media":1504,"template":"","meta":{"_acf_changed":true,"_kad_blocks_custom_css":"","_kad_blocks_head_custom_js":"","_kad_blocks_body_custom_js":"","_kad_blocks_footer_custom_js":"","_EventAllDay":false,"_EventTimezone":"","_EventStartDate":"","_EventEndDate":"","_EventStartDateUTC":"","_EventEndDateUTC":"","_EventShowMap":false,"_EventShowMapLink":false,"_EventURL":"","_EventCost":"","_EventCostDescription":"","_EventCurrencySymbol":"","_EventCurrencyCode":"","_EventCurrencyPosition":"","_EventDateTimeSeparator":"","_EventTimeRangeSeparator":"","_EventOrganizerID":[],"_EventVenueID":[],"_OrganizerEmail":"","_OrganizerPhone":"","_OrganizerWebsite":"","_VenueAddress":"","_VenueCity":"","_VenueCountry":"","_VenueProvince":"","_VenueState":"","_VenueZip":"","_VenuePhone":"","_VenueURL":"","_VenueStateProvince":"","_VenueLat":"","_VenueLng":"","_VenueShowMap":false,"_VenueShowMapLink":false,"_kadence_starter_templates_imported_post":false,"_kad_post_transparent":"","_kad_post_title":"","_kad_post_layout":"","_kad_post_sidebar_id":"","_kad_post_content_style":"","_kad_post_vertical_padding":"","_kad_post_feature":"","_kad_post_feature_position":"","_kad_post_header":false,"_kad_post_footer":false},"categories":[],"tags":[],"actividad-extracurricular":[118],"ano-de-fundacion":[109],"buscar-por-nombre":[110],"colegiatura-mensual":[112],"zona":[],"colegio-id":[111],"departamento-ubicacion":[113],"departamento":[43],"genero":[114],"idioma-que-se-imparte":[116],"inicio-del-ciclo-lectivo":[117],"instalacion":[119],"lo-que-dice-el-director":[120],"nivel-por-edad":[115],"orientacion-religiosa":[121],"promedio-estudiante-en-el-colegi":[123],"promedio-estudiante-por-clase":[122],"class_list":["post-1779","guatemala","type-guatemala","status-publish","has-post-thumbnail","hentry","actividad-extracurricular-actividades-que-se-realizan-en-el-colegio","ano-de-fundacion-ano-en-el-que-se-fundo-el-colegio","buscar-por-nombre-nombre-del-colegio","colegiatura-mensual-colegiaturas-mensuales","colegio-id-identificacion-del-colegio","departamento-ubicacion-ubicacion-departamento","departamento-guatemala","genero-genero-de-los-estudiantes","idioma-que-se-imparte-idiomas-que-se-ensenan-en-el-colegio","inicio-del-ciclo-lectivo-inicio-de-clase","instalacion-instatalaciones-del-colegio","lo-que-dice-el-director-lo-que-dicen-los-directores","nivel-por-edad-niveles-de-los-grados","orientacion-religiosa-que-religion-profesan","promedio-estudiante-en-el-colegi-promedio-de-estudianttes-en-el-colegio","promedio-estudiante-por-clase-estudiantes-por-salon"],"acf":[],"taxonomy_info":{"actividad-extracurricular":[{"value":118,"label":"Actividades que se realizan en el colegio"}],"ano-de-fundacion":[{"value":109,"label":"A\u00f1o en el que se fundo el colegio"}],"buscar-por-nombre":[{"value":110,"label":"Nombre del Colegio"}],"colegiatura-mensual":[{"value":112,"label":"Colegiaturas mensuales"}],"colegio-id":[{"value":111,"label":"Identificaci\u00f3n del Colegio"}],"departamento-ubicacion":[{"value":113,"label":"Ubicaci\u00f3n Departamento"}],"departamento":[{"value":43,"label":"Guatemala"}],"genero":[{"value":114,"label":"G\u00e9nero de los estudiantes"}],"idioma-que-se-imparte":[{"value":116,"label":"Idiomas que se ense\u00f1an en el colegio"}],"inicio-del-ciclo-lectivo":[{"value":117,"label":"Inicio de clase"}],"instalacion":[{"value":119,"label":"Instatalaciones del Colegio"}],"lo-que-dice-el-director":[{"value":120,"label":"Lo que dicen los directores"}],"nivel-por-edad":[{"value":115,"label":"Niveles de los grados"}],"orientacion-religiosa":[{"value":121,"label":"Qu\u00e9 religi\u00f3n profesan"}],"promedio-estudiante-en-el-colegi":[{"value":123,"label":"Promedio de estudianttes en el colegio"}],"promedio-estudiante-por-clase":[{"value":122,"label":"Estudiantes por sal\u00f3n"}]},"featured_image_src_large":["https:\/\/mejorescolegiosca.vip\/inicio\/wp-content\/uploads\/2025\/03\/nino-nicaragua-1024x683.png",1024,683,true],"author_info":[],"comment_info":"","_links":{"self":[{"href":"https:\/\/mejorescolegiosca.vip\/inicio\/index.php\/wp-json\/wp\/v2\/guatemala\/1779","targetHints":{"allow":["GET"]}}],"collection":[{"href":"https:\/\/mejorescolegiosca.vip\/inicio\/index.php\/wp-json\/wp\/v2\/guatemala"}],"about":[{"href":"https:\/\/mejorescolegiosca.vip\/inicio\/index.php\/wp-json\/wp\/v2\/types\/guatemala"}],"wp:featuredmedia":[{"embeddable":true,"href":"https:\/\/mejorescolegiosca.vip\/inicio\/index.php\/wp-json\/wp\/v2\/media\/1504"}],"wp:attachment":[{"href":"https:\/\/mejorescolegiosca.vip\/inicio\/index.php\/wp-json\/wp\/v2\/media?parent=1779"}],"wp:term":[{"taxonomy":"category","embeddable":true,"href":"https:\/\/mejorescolegiosca.vip\/inicio\/index.php\/wp-json\/wp\/v2\/categories?post=1779"},{"taxonomy":"post_tag","embeddable":true,"href":"https:\/\/mejorescolegiosca.vip\/inicio\/index.php\/wp-json\/wp\/v2\/tags?post=1779"},{"taxonomy":"actividad-extracurricular","embeddable":true,"href":"https:\/\/mejorescolegiosca.vip\/inicio\/index.php\/wp-json\/wp\/v2\/actividad-extracurricular?post=1779"},{"taxonomy":"ano-de-fundacion","embeddable":true,"href":"https:\/\/mejorescolegiosca.vip\/inicio\/index.php\/wp-json\/wp\/v2\/ano-de-fundacion?post=1779"},{"taxonomy":"buscar-por-nombre","embeddable":true,"href":"https:\/\/mejorescolegiosca.vip\/inicio\/index.php\/wp-json\/wp\/v2\/buscar-por-nombre?post=1779"},{"taxonomy":"colegiatura-mensual","embeddable":true,"href":"https:\/\/mejorescolegiosca.vip\/inicio\/index.php\/wp-json\/wp\/v2\/colegiatura-mensual?post=1779"},{"taxonomy":"zona","embeddable":true,"href":"https:\/\/mejorescolegiosca.vip\/inicio\/index.php\/wp-json\/wp\/v2\/zona?post=1779"},{"taxonomy":"colegio-id","embeddable":true,"href":"https:\/\/mejorescolegiosca.vip\/inicio\/index.php\/wp-json\/wp\/v2\/colegio-id?post=1779"},{"taxonomy":"departamento-ubicacion","embeddable":true,"href":"https:\/\/mejorescolegiosca.vip\/inicio\/index.php\/wp-json\/wp\/v2\/departamento-ubicacion?post=1779"},{"taxonomy":"departamento","embeddable":true,"href":"https:\/\/mejorescolegiosca.vip\/inicio\/index.php\/wp-json\/wp\/v2\/departamento?post=1779"},{"taxonomy":"genero","embeddable":true,"href":"https:\/\/mejorescolegiosca.vip\/inicio\/index.php\/wp-json\/wp\/v2\/genero?post=1779"},{"taxonomy":"idioma-que-se-imparte","embeddable":true,"href":"https:\/\/mejorescolegiosca.vip\/inicio\/index.php\/wp-json\/wp\/v2\/idioma-que-se-imparte?post=1779"},{"taxonomy":"inicio-del-ciclo-lectivo","embeddable":true,"href":"https:\/\/mejorescolegiosca.vip\/inicio\/index.php\/wp-json\/wp\/v2\/inicio-del-ciclo-lectivo?post=1779"},{"taxonomy":"instalacion","embeddable":true,"href":"https:\/\/mejorescolegiosca.vip\/inicio\/index.php\/wp-json\/wp\/v2\/instalacion?post=1779"},{"taxonomy":"lo-que-dice-el-director","embeddable":true,"href":"https:\/\/mejorescolegiosca.vip\/inicio\/index.php\/wp-json\/wp\/v2\/lo-que-dice-el-director?post=1779"},{"taxonomy":"nivel-por-edad","embeddable":true,"href":"https:\/\/mejorescolegiosca.vip\/inicio\/index.php\/wp-json\/wp\/v2\/nivel-por-edad?post=1779"},{"taxonomy":"orientacion-religiosa","embeddable":true,"href":"https:\/\/mejorescolegiosca.vip\/inicio\/index.php\/wp-json\/wp\/v2\/orientacion-religiosa?post=1779"},{"taxonomy":"promedio-estudiante-en-el-colegi","embeddable":true,"href":"https:\/\/mejorescolegiosca.vip\/inicio\/index.php\/wp-json\/wp\/v2\/promedio-estudiante-en-el-colegi?post=1779"},{"taxonomy":"promedio-estudiante-por-clase","embeddable":true,"href":"https:\/\/mejorescolegiosca.vip\/inicio\/index.php\/wp-json\/wp\/v2\/promedio-estudiante-por-clase?post=1779"}],"curies":[{"name":"wp","href":"https:\/\/api.w.org\/{rel}","templated":true}]}}

<p>¿Tus músculos tienen tu edad… o más</p>



<p>años? Haz el test aquí y empieza a</p>



<p><a></a>fortalecerlos en solo 8 semanas con</p>



<p>Ensure® Advance.</p>

<p>¿Tus músculos tienen tu edad… o más<br />
años? Haz el test aquí y empieza a<br />
fortalecerlos en solo 8 semanas con<br />
Ensure® Advance.</p>

Año en el que se fundo el colegio

Identificación del Colegio

Ubicación Departamento

Género de los estudiantes

Idiomas que se enseñan en el colegio

Qué religión profesan

Estudiantes por salón
