{"id":1891,"date":"2025-08-01T02:49:03","date_gmt":"2025-08-01T02:49:03","guid":{"rendered":"https:\/\/mejorescolegiosca.vip\/inicio\/?post_type=guatemala&#038;p=1891"},"modified":"2025-09-02T23:55:59","modified_gmt":"2025-09-02T23:55:59","slug":"colegio-las-panderetas","status":"publish","type":"guatemala","link":"https:\/\/mejorescolegiosca.vip\/inicio\/index.php\/guatemala\/colegio-las-panderetas\/","title":{"rendered":"Colegio Las Panderetas"},"content":{"rendered":"\n<p>Un&nbsp;<em>Colegio<\/em>&nbsp;que forma l\u00edderes con visi\u00f3n internacional preparados para asumir grandes retos. Un modelo educativo de excelencia que prepara para llegar a las mejores universidades. Valores familiares. Excelencia acad\u00e9mica. Internacionalizaci\u00f3n. Idiomas. Un&nbsp;<em>Colegio<\/em>&nbsp;que forma l\u00edderes con visi\u00f3n internacional preparados para asumir grandes retos. Un modelo educativo de excelencia que prepara para llegar a las mejores universidades. Valores familiares. Excelencia acad\u00e9mica. Internacionalizaci\u00f3n. Idiomas. Un&nbsp;<em>Colegio<\/em>&nbsp;que forma l\u00edderes con visi\u00f3n internacional preparados para asumir grandes retos. Un modelo educativo de excelencia que prepara para llegar a las mejores universidades. Valores familiares. Excelencia acad\u00e9mica. Internacionalizaci\u00f3n. Idiomas.<\/p>\n\n\n\n<p><\/p>\n","protected":false},"excerpt":{"rendered":"<p>Un&nbsp;Colegio&nbsp;que forma l\u00edderes con visi\u00f3n internacional preparados para asumir grandes retos. Un modelo educativo de excelencia que prepara para llegar a las mejores universidades. Valores familiares. Excelencia acad\u00e9mica. Internacionalizaci\u00f3n. Idiomas. Un&nbsp;Colegio&nbsp;que forma l\u00edderes con visi\u00f3n internacional preparados para asumir grandes retos. Un modelo educativo de excelencia que prepara para llegar a las mejores universidades. Valores&#8230;<\/p>\n","protected":false},"featured_media":1882,"template":"","meta":{"_acf_changed":true,"_kad_blocks_custom_css":"","_kad_blocks_head_custom_js":"","_kad_blocks_body_custom_js":"","_kad_blocks_footer_custom_js":"","_EventAllDay":false,"_EventTimezone":"","_EventStartDate":"","_EventEndDate":"","_EventStartDateUTC":"","_EventEndDateUTC":"","_EventShowMap":false,"_EventShowMapLink":false,"_EventURL":"","_EventCost":"","_EventCostDescription":"","_EventCurrencySymbol":"","_EventCurrencyCode":"","_EventCurrencyPosition":"","_EventDateTimeSeparator":"","_EventTimeRangeSeparator":"","_EventOrganizerID":[],"_EventVenueID":[],"_OrganizerEmail":"","_OrganizerPhone":"","_OrganizerWebsite":"","_VenueAddress":"","_VenueCity":"","_VenueCountry":"","_VenueProvince":"","_VenueState":"","_VenueZip":"","_VenuePhone":"","_VenueURL":"","_VenueStateProvince":"","_VenueLat":"","_VenueLng":"","_VenueShowMap":false,"_VenueShowMapLink":false,"_kadence_starter_templates_imported_post":false,"_kad_post_transparent":"","_kad_post_title":"","_kad_post_layout":"","_kad_post_sidebar_id":"","_kad_post_content_style":"","_kad_post_vertical_padding":"","_kad_post_feature":"","_kad_post_feature_position":"","_kad_post_header":false,"_kad_post_footer":false},"categories":[124,1],"tags":[],"actividad-extracurricular":[118,130],"ano-de-fundacion":[135,131],"buscar-por-nombre":[125,136],"colegiatura-mensual":[126,112],"zona":[],"colegio-id":[111],"departamento-ubicacion":[145,113],"departamento":[43],"genero":[114,137],"idioma-que-se-imparte":[138],"inicio-del-ciclo-lectivo":[139,117],"instalacion":[144],"lo-que-dice-el-director":[120],"nivel-por-edad":[115],"orientacion-religiosa":[121],"promedio-estudiante-en-el-colegi":[123],"promedio-estudiante-por-clase":[127,122],"class_list":["post-1891","guatemala","type-guatemala","status-publish","has-post-thumbnail","hentry","category-colegios-de-guatemala","category-uncategorized","actividad-extracurricular-actividades-que-se-realizan-en-el-colegio","actividad-extracurricular-deportes-y-danza","ano-de-fundacion-1970-ano-de-fundacion-del-colegio","ano-de-fundacion-ano-de-fundacion-del-colegio","buscar-por-nombre-colegio-panderetas","buscar-por-nombre-panderetas","colegiatura-mensual-1500-00-a-2000-00-quetzales","colegiatura-mensual-colegiaturas-mensuales","colegio-id-identificacion-del-colegio","departamento-ubicacion-guatemala","departamento-ubicacion-ubicacion-departamento","departamento-guatemala","genero-genero-de-los-estudiantes","genero-mixto","idioma-que-se-imparte-ingles-espanol","inicio-del-ciclo-lectivo-de-enero-a-octubre","inicio-del-ciclo-lectivo-inicio-de-clase","instalacion-deportes-y-danza","lo-que-dice-el-director-lo-que-dicen-los-directores","nivel-por-edad-niveles-de-los-grados","orientacion-religiosa-que-religion-profesan","promedio-estudiante-en-el-colegi-promedio-de-estudianttes-en-el-colegio","promedio-estudiante-por-clase-estudiantes-por-clase","promedio-estudiante-por-clase-estudiantes-por-salon"],"acf":[],"taxonomy_info":{"category":[{"value":124,"label":"Colegios de Guatemala"},{"value":1,"label":"Uncategorized"}],"actividad-extracurricular":[{"value":118,"label":"Actividades que se realizan en el colegio"},{"value":130,"label":"Deportes y danza"}],"ano-de-fundacion":[{"value":135,"label":"1970"},{"value":131,"label":"A\u00f1o de Fundaci\u00f3n del Colegio"}],"buscar-por-nombre":[{"value":125,"label":"Colegio Panderetas"},{"value":136,"label":"Panderetas"}],"colegiatura-mensual":[{"value":126,"label":"1500.00 a 2000.00 Quetzales"},{"value":112,"label":"Colegiaturas mensuales"}],"colegio-id":[{"value":111,"label":"Identificaci\u00f3n del Colegio"}],"departamento-ubicacion":[{"value":145,"label":"Guatemala"},{"value":113,"label":"Ubicaci\u00f3n Departamento"}],"departamento":[{"value":43,"label":"Guatemala"}],"genero":[{"value":114,"label":"G\u00e9nero de los estudiantes"},{"value":137,"label":"Mixto"}],"idioma-que-se-imparte":[{"value":138,"label":"Ingles-Espa\u00f1ol"}],"inicio-del-ciclo-lectivo":[{"value":139,"label":"De Enero a Octubre"},{"value":117,"label":"Inicio de clase"}],"instalacion":[{"value":144,"label":"Deportes y Danza"}],"lo-que-dice-el-director":[{"value":120,"label":"Lo que dicen los directores"}],"nivel-por-edad":[{"value":115,"label":"Niveles de los grados"}],"orientacion-religiosa":[{"value":121,"label":"Qu\u00e9 religi\u00f3n profesan"}],"promedio-estudiante-en-el-colegi":[{"value":123,"label":"Promedio de estudianttes en el colegio"}],"promedio-estudiante-por-clase":[{"value":127,"label":"Estudiantes por Clase"},{"value":122,"label":"Estudiantes por sal\u00f3n"}]},"featured_image_src_large":["https:\/\/mejorescolegiosca.vip\/inicio\/wp-content\/uploads\/2025\/07\/ninos-volviendo-juntos-la-escuela-1024x683.jpg",1024,683,true],"author_info":[],"comment_info":"","_links":{"self":[{"href":"https:\/\/mejorescolegiosca.vip\/inicio\/index.php\/wp-json\/wp\/v2\/guatemala\/1891","targetHints":{"allow":["GET"]}}],"collection":[{"href":"https:\/\/mejorescolegiosca.vip\/inicio\/index.php\/wp-json\/wp\/v2\/guatemala"}],"about":[{"href":"https:\/\/mejorescolegiosca.vip\/inicio\/index.php\/wp-json\/wp\/v2\/types\/guatemala"}],"wp:featuredmedia":[{"embeddable":true,"href":"https:\/\/mejorescolegiosca.vip\/inicio\/index.php\/wp-json\/wp\/v2\/media\/1882"}],"wp:attachment":[{"href":"https:\/\/mejorescolegiosca.vip\/inicio\/index.php\/wp-json\/wp\/v2\/media?parent=1891"}],"wp:term":[{"taxonomy":"category","embeddable":true,"href":"https:\/\/mejorescolegiosca.vip\/inicio\/index.php\/wp-json\/wp\/v2\/categories?post=1891"},{"taxonomy":"post_tag","embeddable":true,"href":"https:\/\/mejorescolegiosca.vip\/inicio\/index.php\/wp-json\/wp\/v2\/tags?post=1891"},{"taxonomy":"actividad-extracurricular","embeddable":true,"href":"https:\/\/mejorescolegiosca.vip\/inicio\/index.php\/wp-json\/wp\/v2\/actividad-extracurricular?post=1891"},{"taxonomy":"ano-de-fundacion","embeddable":true,"href":"https:\/\/mejorescolegiosca.vip\/inicio\/index.php\/wp-json\/wp\/v2\/ano-de-fundacion?post=1891"},{"taxonomy":"buscar-por-nombre","embeddable":true,"href":"https:\/\/mejorescolegiosca.vip\/inicio\/index.php\/wp-json\/wp\/v2\/buscar-por-nombre?post=1891"},{"taxonomy":"colegiatura-mensual","embeddable":true,"href":"https:\/\/mejorescolegiosca.vip\/inicio\/index.php\/wp-json\/wp\/v2\/colegiatura-mensual?post=1891"},{"taxonomy":"zona","embeddable":true,"href":"https:\/\/mejorescolegiosca.vip\/inicio\/index.php\/wp-json\/wp\/v2\/zona?post=1891"},{"taxonomy":"colegio-id","embeddable":true,"href":"https:\/\/mejorescolegiosca.vip\/inicio\/index.php\/wp-json\/wp\/v2\/colegio-id?post=1891"},{"taxonomy":"departamento-ubicacion","embeddable":true,"href":"https:\/\/mejorescolegiosca.vip\/inicio\/index.php\/wp-json\/wp\/v2\/departamento-ubicacion?post=1891"},{"taxonomy":"departamento","embeddable":true,"href":"https:\/\/mejorescolegiosca.vip\/inicio\/index.php\/wp-json\/wp\/v2\/departamento?post=1891"},{"taxonomy":"genero","embeddable":true,"href":"https:\/\/mejorescolegiosca.vip\/inicio\/index.php\/wp-json\/wp\/v2\/genero?post=1891"},{"taxonomy":"idioma-que-se-imparte","embeddable":true,"href":"https:\/\/mejorescolegiosca.vip\/inicio\/index.php\/wp-json\/wp\/v2\/idioma-que-se-imparte?post=1891"},{"taxonomy":"inicio-del-ciclo-lectivo","embeddable":true,"href":"https:\/\/mejorescolegiosca.vip\/inicio\/index.php\/wp-json\/wp\/v2\/inicio-del-ciclo-lectivo?post=1891"},{"taxonomy":"instalacion","embeddable":true,"href":"https:\/\/mejorescolegiosca.vip\/inicio\/index.php\/wp-json\/wp\/v2\/instalacion?post=1891"},{"taxonomy":"lo-que-dice-el-director","embeddable":true,"href":"https:\/\/mejorescolegiosca.vip\/inicio\/index.php\/wp-json\/wp\/v2\/lo-que-dice-el-director?post=1891"},{"taxonomy":"nivel-por-edad","embeddable":true,"href":"https:\/\/mejorescolegiosca.vip\/inicio\/index.php\/wp-json\/wp\/v2\/nivel-por-edad?post=1891"},{"taxonomy":"orientacion-religiosa","embeddable":true,"href":"https:\/\/mejorescolegiosca.vip\/inicio\/index.php\/wp-json\/wp\/v2\/orientacion-religiosa?post=1891"},{"taxonomy":"promedio-estudiante-en-el-colegi","embeddable":true,"href":"https:\/\/mejorescolegiosca.vip\/inicio\/index.php\/wp-json\/wp\/v2\/promedio-estudiante-en-el-colegi?post=1891"},{"taxonomy":"promedio-estudiante-por-clase","embeddable":true,"href":"https:\/\/mejorescolegiosca.vip\/inicio\/index.php\/wp-json\/wp\/v2\/promedio-estudiante-por-clase?post=1891"}],"curies":[{"name":"wp","href":"https:\/\/api.w.org\/{rel}","templated":true}]}}

<p>Un&nbsp;<em>Colegio</em>&nbsp;que forma líderes con visión internacional preparados para asumir grandes retos. Un modelo educativo de excelencia que prepara para llegar a las mejores universidades. Valores familiares. Excelencia académica. Internacionalización. Idiomas. Un&nbsp;<em>Colegio</em>&nbsp;que forma líderes con visión internacional preparados para asumir grandes retos. Un modelo educativo de excelencia que prepara para llegar a las mejores universidades. Valores familiares. Excelencia académica. Internacionalización. Idiomas. Un&nbsp;<em>Colegio</em>&nbsp;que forma líderes con visión internacional preparados para asumir grandes retos. Un modelo educativo de excelencia que prepara para llegar a las mejores universidades. Valores familiares. Excelencia académica. Internacionalización. Idiomas.</p>



<p></p>

<p>Un&nbsp;Colegio&nbsp;que forma líderes con visión internacional preparados para asumir grandes retos. Un modelo educativo de excelencia que prepara para llegar a las mejores universidades. Valores familiares. Excelencia académica. Internacionalización. Idiomas. Un&nbsp;Colegio&nbsp;que forma líderes con visión internacional preparados para asumir grandes retos. Un modelo educativo de excelencia que prepara para llegar a las mejores universidades. Valores&#8230;</p>

Año de Fundación del Colegio

Identificación del Colegio

Ubicación Departamento

Género de los estudiantes

Ingles-Español

Qué religión profesan

Estudiantes por salón
